{"id":58,"date":"2015-09-07T16:51:50","date_gmt":"2015-09-07T16:51:50","guid":{"rendered":"http:\/\/www.advocaciapistilli.com.br\/novo\/?page_id=58"},"modified":"2023-07-05T20:01:23","modified_gmt":"2023-07-05T20:01:23","slug":"direito-do-consumidor","status":"publish","type":"page","link":"https:\/\/advocaciapistilli.com.br\/?page_id=58","title":{"rendered":"DIREITO DO CONSUMIDOR"},"content":{"rendered":"<div id=\"Layer1\">\n<div class=\"style4\" align=\"justify\">\n<ol>\n<li style=\"text-align: justify;\">Assessoria em quest\u00f5es relacionadas ao consumo de produtos e servi\u00e7os em geral, tais como defesa dos direitos b\u00e1sicos do consumidor, problemas relativos \u00e0 qualidade de produtos e servi\u00e7os, preven\u00e7\u00e3o e repara\u00e7\u00e3o de danos oriundos de rela\u00e7\u00f5es de consumo, prote\u00e7\u00e3o da sa\u00fade e seguran\u00e7a do consumidor;<\/li>\n<li style=\"text-align: justify;\">Propositura, impugna\u00e7\u00e3o e acompanhamento de a\u00e7\u00f5es de responsabilidade civil decorrentes de fato e de v\u00edcio de produtos e servi\u00e7os;<\/li>\n<li style=\"text-align: justify;\">Resolu\u00e7\u00e3o de quest\u00f5es oriundas de pr\u00e1ticas comerciais, tais como ofertas, publicidade, or\u00e7amentos, condutas abusivas, cobran\u00e7a de d\u00edvidas, bancos de dados e cadastros de consumidores (SPC, SERASA, CCF), direito de arrependimento do consumidor, e demais;<\/li>\n<li style=\"text-align: justify;\">Propositura, impugna\u00e7\u00e3o e acompanhamento de medidas de urg\u00eancia no \u00e2mbito do Direito do Consumidor, tais como a remo\u00e7\u00e3o imediata do nome do consumidor inscrito indevidamente em cadastros de inadimplentes, cumprimento de contratos de planos de sa\u00fade para assegurar tratamento m\u00e9dico em hospitais, cl\u00ednicas ou domic\u00edlio, e demais;<\/li>\n<li style=\"text-align: justify;\">Consultoria para a renegocia\u00e7\u00e3o e cobran\u00e7a de d\u00edvidas de consumidores perante bancos, empresas de cart\u00e3o de cr\u00e9dito, financeiras, e similares;<\/li>\n<li style=\"text-align: justify;\">Propositura, impugna\u00e7\u00e3o e acompanhamento de a\u00e7\u00f5es de repara\u00e7\u00e3o de danos oriundos de abalo de cr\u00e9dito por inscri\u00e7\u00e3o indevida em cadastros de inadimplentes;<\/li>\n<li style=\"text-align: justify;\">Assessoria em quest\u00f5es referentes \u00e0 prote\u00e7\u00e3o contratual ao consumidor, notadamente problemas relacionados a cl\u00e1usulas abusivas existentes em contratos de ades\u00e3o, de fornecimento de produtos e servi\u00e7os das mais variadas esp\u00e9cies (planos de sa\u00fade, transporte, turismo, viagem, hospedagem, dep\u00f3sito, estacionamento, seguro, previd\u00eancia privada, banc\u00e1rios, financiamento, administra\u00e7\u00e3o de cons\u00f3rcios, fornecimento de servi\u00e7os p\u00fablicos, e demais);<\/li>\n<li style=\"text-align: justify;\">Propositura, impugna\u00e7\u00e3o e acompanhamento de a\u00e7\u00f5es de prote\u00e7\u00e3o ao consumidor, tais como declara\u00e7\u00e3o de nulidade de cl\u00e1usulas contratuais abusivas, adequa\u00e7\u00e3o do contrato \u00e0s normas do C\u00f3digo de Defesa do Consumidor, revis\u00e3o de cl\u00e1usulas e de contratos excessivamente onerosos, entre outros.<\/li>\n<\/ol>\n<p style=\"text-align: center;\"><img loading=\"lazy\" decoding=\"async\" class=\"aligncenter wp-image-60 size-full\" src=\"http:\/\/advocaciapistilli.com.br\/wp-content\/uploads\/2015\/09\/image6.jpg\" alt=\"image6\" width=\"600\" height=\"400\" srcset=\"https:\/\/advocaciapistilli.com.br\/wp-content\/uploads\/2015\/09\/image6.jpg 600w, https:\/\/advocaciapistilli.com.br\/wp-content\/uploads\/2015\/09\/image6-300x200.jpg 300w, https:\/\/advocaciapistilli.com.br\/wp-content\/uploads\/2015\/09\/image6-280x187.jpg 280w\" sizes=\"auto, (max-width: 600px) 100vw, 600px\" \/><\/p>\n<\/div>\n<\/div>\n","protected":false},"excerpt":{"rendered":"<p>Assessoria em quest\u00f5es relacionadas ao consumo de produtos e servi\u00e7os em geral, tais como defesa dos direitos b\u00e1sicos do consumidor, problemas relativos \u00e0 qualidade de produtos e servi\u00e7os, preven\u00e7\u00e3o e repara\u00e7\u00e3o de danos oriundos de rela\u00e7\u00f5es de consumo, prote\u00e7\u00e3o da sa\u00fade e seguran\u00e7a do consumidor; Propositura, impugna\u00e7\u00e3o e acompanhamento de a\u00e7\u00f5es de responsabilidade civil decorrentes<\/p>\n","protected":false},"author":1,"featured_media":0,"parent":0,"menu_order":0,"comment_status":"open","ping_status":"open","template":"","meta":{"footnotes":""},"class_list":["post-58","page","type-page","status-publish","hentry"],"_links":{"self":[{"href":"https:\/\/advocaciapistilli.com.br\/index.php?rest_route=\/wp\/v2\/pages\/58","targetHints":{"allow":["GET"]}}],"collection":[{"href":"https:\/\/advocaciapistilli.com.br\/index.php?rest_route=\/wp\/v2\/pages"}],"about":[{"href":"https:\/\/advocaciapistilli.com.br\/index.php?rest_route=\/wp\/v2\/types\/page"}],"author":[{"embeddable":true,"href":"https:\/\/advocaciapistilli.com.br\/index.php?rest_route=\/wp\/v2\/users\/1"}],"replies":[{"embeddable":true,"href":"https:\/\/advocaciapistilli.com.br\/index.php?rest_route=%2Fwp%2Fv2%2Fcomments&post=58"}],"version-history":[{"count":2,"href":"https:\/\/advocaciapistilli.com.br\/index.php?rest_route=\/wp\/v2\/pages\/58\/revisions"}],"predecessor-version":[{"id":179,"href":"https:\/\/advocaciapistilli.com.br\/index.php?rest_route=\/wp\/v2\/pages\/58\/revisions\/179"}],"wp:attachment":[{"href":"https:\/\/advocaciapistilli.com.br\/index.php?rest_route=%2Fwp%2Fv2%2Fmedia&parent=58"}],"curies":[{"name":"wp","href":"https:\/\/api.w.org\/{rel}","templated":true}]}}